{"id":12,"date":"2020-02-06T21:14:40","date_gmt":"2020-02-06T20:14:40","guid":{"rendered":"http:\/\/bienetre-en-entreprise.fr\/?page_id=12"},"modified":"2023-02-28T17:35:31","modified_gmt":"2023-02-28T16:35:31","slug":"gestion-du-stress","status":"publish","type":"page","link":"https:\/\/bienetre-en-entreprise.fr\/index.php\/gestion-du-stress\/","title":{"rendered":"HYPNOST\u00e9OPATHIE"},"content":{"rendered":"\n<figure class=\"is-layout-flex wp-block-gallery-1 wp-block-gallery has-nested-images columns-default is-cropped\"><\/figure>\n\n\n\n<p class=\"has-text-align-center\"><strong>L\u2019hypnost\u00e9opathie<\/strong>\u00a0est la rencontre de deux disciplines compl\u00e9mentaires (<strong>l\u2019ost\u00e9opathie<\/strong>\u00a0et\u00a0<strong>l\u2019hypnose<\/strong>) qui cherchent \u00e0 am\u00e9liorer la qualit\u00e9 de vie des patients. Au coeur d\u2019une m\u00eame s\u00e9ance, le sujet sera trait\u00e9 dans\u00a0<strong>sa plus grande globalit\u00e9<\/strong>\u00a0d\u2019un point de vue\u00a0<strong>physique<\/strong>\u00a0au travers l\u2019ost\u00e9opathie et d\u2019un point de vue\u00a0<strong>psychologique<\/strong>\u00a0\u00e0 travers l\u2019hypnose.<\/p>\n\n\n\n<p class=\"has-text-align-center\"><strong>Stress, Confiance en soi, meilleure estime de soi <\/strong>seront autant d&rsquo;\u00e9l\u00e9ments qui pourront \u00eatre abord\u00e9s lors de la s\u00e9ance en utilisant les techniques de PNL et autres outils \u00e0 notre disposition&#8230;<\/p>\n\n\n\n<p class=\"has-text-align-center\">Un travail ost\u00e9opathique est prodigu\u00e9 pendant la s\u00e9ance d\u2019hypnose. Des techniques douces telles que l\u2019ost\u00e9opathie cranienne, la fasciath\u00e9rapie sont utilis\u00e9es simultan\u00e9ment avec les techniques d\u2019hypnose.<\/p>\n\n\n\n<p class=\"has-text-align-center\"><strong>D\u00e9roulement d&rsquo;une s\u00e9ance<\/strong><\/p>\n\n\n\n<p class=\"has-text-align-center\">il faut compter environ 1h par sujet pour une s\u00e9ance compl\u00e8te. Au pr\u00e9alable, les salari\u00e9s auront r\u00e9pondu \u00e0 un questionnaire via internet afin que leur s\u00e9ance leur soit la mieux adapt\u00e9e possible. <\/p>\n\n\n\n<figure class=\"wp-block-image size-large\"><img decoding=\"async\" loading=\"lazy\" width=\"1024\" height=\"506\" src=\"http:\/\/bienetre-en-entreprise.fr\/wp-content\/uploads\/2020\/02\/cropped-AdobeStock_86990522-1024x506.jpeg\" alt=\"\" class=\"wp-image-23\" srcset=\"https:\/\/bienetre-en-entreprise.fr\/wp-content\/uploads\/2020\/02\/cropped-AdobeStock_86990522-1024x506.jpeg 1024w, https:\/\/bienetre-en-entreprise.fr\/wp-content\/uploads\/2020\/02\/cropped-AdobeStock_86990522-300x148.jpeg 300w, https:\/\/bienetre-en-entreprise.fr\/wp-content\/uploads\/2020\/02\/cropped-AdobeStock_86990522-768x379.jpeg 768w, https:\/\/bienetre-en-entreprise.fr\/wp-content\/uploads\/2020\/02\/cropped-AdobeStock_86990522.jpeg 2000w\" sizes=\"(max-width: 1024px) 100vw, 1024px\" \/><\/figure>\n","protected":false},"excerpt":{"rendered":"<p>L\u2019hypnost\u00e9opathie\u00a0est la rencontre de deux disciplines compl\u00e9mentaires (l\u2019ost\u00e9opathie\u00a0et\u00a0l\u2019hypnose) qui cherchent \u00e0 am\u00e9liorer la qualit\u00e9 de vie des patients. Au coeur d\u2019une m\u00eame s\u00e9ance, le sujet sera trait\u00e9 dans\u00a0sa plus grande globalit\u00e9\u00a0d\u2019un point de vue\u00a0physique\u00a0au travers l\u2019ost\u00e9opathie et d\u2019un point de vue\u00a0psychologique\u00a0\u00e0 travers l\u2019hypnose. Stress, Confiance en soi, meilleure estime de soi seront autant d&rsquo;\u00e9l\u00e9ments qui [&hellip;]<\/p>\n","protected":false},"author":1,"featured_media":0,"parent":0,"menu_order":0,"comment_status":"closed","ping_status":"closed","template":"","meta":[],"_links":{"self":[{"href":"https:\/\/bienetre-en-entreprise.fr\/index.php\/wp-json\/wp\/v2\/pages\/12"}],"collection":[{"href":"https:\/\/bienetre-en-entreprise.fr\/index.php\/wp-json\/wp\/v2\/pages"}],"about":[{"href":"https:\/\/bienetre-en-entreprise.fr\/index.php\/wp-json\/wp\/v2\/types\/page"}],"author":[{"embeddable":true,"href":"https:\/\/bienetre-en-entreprise.fr\/index.php\/wp-json\/wp\/v2\/users\/1"}],"replies":[{"embeddable":true,"href":"https:\/\/bienetre-en-entreprise.fr\/index.php\/wp-json\/wp\/v2\/comments?post=12"}],"version-history":[{"count":9,"href":"https:\/\/bienetre-en-entreprise.fr\/index.php\/wp-json\/wp\/v2\/pages\/12\/revisions"}],"predecessor-version":[{"id":203,"href":"https:\/\/bienetre-en-entreprise.fr\/index.php\/wp-json\/wp\/v2\/pages\/12\/revisions\/203"}],"wp:attachment":[{"href":"https:\/\/bienetre-en-entreprise.fr\/index.php\/wp-json\/wp\/v2\/media?parent=12"}],"curies":[{"name":"wp","href":"https:\/\/api.w.org\/{rel}","templated":true}]}}